(-15) + -2. Suppose -6*x + g*x = 20. Calculate the greatest common divisor of x and 35.
5
Let h be -2 + (-662)/(-8) - (-33)/(-44). Let s = -2 + 5. Suppose 42 - 12 = s*g. Calculate the greatest common factor of h and g.
10
Suppose o + 3*y = 5*y + 9, 54 = 4*o + y. What is the greatest common factor of 143 and o?
13
Let b be (-2 + (-1374)/(-9))*3. Let k = b - 204. Suppose -5*d + 168 + 55 = 4*l, 5*l - 4*d - k = 0. What is the greatest common factor of 13 and l?
13
Suppose -6*h = -5*h. Let l(a) = -a**2 + a + 64. Let d be l(h). What is the highest common divisor of 8 and d?
8
Let h(j) = -j**2 - 9*j + 9. Let s be h(-8). Calculate the greatest common divisor of s and 85.
17
Suppose 4*t = -5*p - 8, 5*t - 4*p - 36 = -5. Suppose t*f = -15*f + 180. What is the greatest common factor of f and 80?
10
Suppose -7*c + 1720 = 607. What is the highest common divisor of c and 371?
53
Suppose 5*h = -2*g + 565, 0 = 4*h - 2*g - 267 - 185. Calculate the highest common divisor of h and 3503.
113
Suppose 2*l + 0*l = 7*l. Suppose 16*h - h - 255 = l. What is the highest common divisor of 170 and h?
17
Let k(d) = -22*d - 27. Let s be k(-7). Suppose w + b + s = 2*w, 3 = b. Calculate the highest common factor of w and 26.
26
Let n(i) be the first derivative of i**2/2 - i - 2. Let c be n(3). Let j be 453/9 + c/(-6). What is the highest common factor of 10 and j?
10
Suppose c = 4*y - 235, 0 = 2*y - 5*c + c - 128. Suppose 0 = -3*s + 356 - 95. Calculate the highest common divisor of s and y.
29
Suppose -3*w = 17 + 22. Let q = w - -35. Let d = 27 - q. Calculate the highest common divisor of d and 55.
5
Suppose 0*w + 4*w = -2*j + 1548, -1534 = -2*j + 3*w. Suppose 0*y = -5*y + j. Let r = 287 + -273. Calculate the greatest common factor of y and r.
14
Let m(h) = 106*h**2 + 10*h - 15. Let v be m(2). Calculate the greatest common divisor of 33 and v.
33
Let l(x) = -x**3 - 9*x**2 + 10*x + 3. Let b be l(-10). Suppose b*p - 84 + 9 = 0. What is the greatest common factor of p and 100?
25
Let n = -20 - -22. Suppose -3*k + 4*y + 41 = 0, 5*y - n*y = 3*k - 45. Calculate the greatest common divisor of k and 133.
19
Let t be 280/4 - (-3 - 5). Calculate the highest common divisor of t and 364.
26
Let q(t) = -2*t - 7*t - 7*t + 16. Let z be q(-14). Calculate the highest common factor of z and 30.
30
Suppose 0 = -2*t - y + 142, -3*t - 377 = -8*t + 3*y. Suppose p - 4*a = -26 + t, -5*p + 167 = -3*a. What is the greatest common factor of p and 341?
31
Let v(x) = -x**3 + 8*x**2 - 2*x + 20. Let a be v(8). What is the greatest common divisor of 172 and a?
4
Suppose 2*p = 5*v - 21, 3*v + 4*p - 19 = 2*p. Let n be (-1)/v - (-3411)/(-45). Let w = -52 - n. Calculate the highest common factor of 6 and w.
6
Let f be (-5)/10*22/(-1). Let d(b) = 0*b**2 - 6*b**2 - 36*b - b**3 + 31*b + 0*b**3 + 1. Let m be d(-5). Calculate the highest common divisor of f and m.
1
Suppose -9*p - 245 = -1460. Calculate the highest common divisor of p and 15.
15
Let b be -4760*4*(-7)/70. Suppose 9*p + b = 26*p. Suppose -2*f + 25 = -7. Calculate the highest common divisor of p and f.
16
Let y be (-3 + 21/12)/(6/(-72)). What is the greatest common factor of y and 140?
5
Let c(x) = 26*x - 2. Let v be c(1). Suppose -v = 4*b - 40. Calculate the highest common factor of 36 and b.
4
Suppose 0 = 5*d + 23 - 93. Suppose 17*r = d*r. Let s be (-182)/(-7) + (1 - r). What is the greatest common factor of 9 and s?
9
Let q(s) = 13*s - 1. Let c be q(1). Let u(a) = -a**2 - 10*a + 11. Let j be u(-12). Let v = j + 145. What is the greatest common factor of c and v?
12
Let p(b) = b**3 - 8*b**2 + 4*b - 14. Let x be p(-7). Let f be x/(-105) - 2/5. What is the greatest common factor of 28 and f?
7
Let r(z) = -z**3 + 3*z**2 - z + 5. Let l be r(3). Let g be -1 - 4/(1 - l). Suppose g*s - 168 - 147 = 0. What is the greatest common divisor of 42 and s?
21
Let z(k) = -4*k**2 - 33*k + 34. Let u be z(-8). Calculate the greatest common factor of u and 273.
21
Let j = 168 - 160. What is the highest common divisor of 36 and j?
4
Let c = 0 - -8. Suppose 2*o - c = -0. Let j be (29 - -1)*o/8. What is the greatest common factor of 105 and j?
15
Suppose u - 875 = -5*s, 0 = 19*u - 22*u + s + 2609. What is the highest common factor of 30 and u?
30
Let s(o) = -o**3 - 6*o**2 + 22*o + 7. Let x be s(-10). What is the greatest common divisor of 11 and x?
11
Let y = 539 - 541. Suppose a = 4*a - 9. Let c be 172/(y - -6) - a. Calculate the greatest common divisor of 8 and c.
8
Let y = 4 + -2. Let w(k) = -k**3 - 6*k**2 - 2*k - 1. Let b be w(-4). Let n = -23 - b. What is the greatest common factor of y and n?
2
Let s be (-1 - 1 - -4) + (21 - 0). Suppose -l + 25 = -s. What is the highest common factor of 16 and l?
16
Suppose 0 = 3*v - 2*z - 2, -v - 4*v - z + 25 = 0. Suppose -5*f + 6 + 14 = 0. Calculate the highest common factor of v and f.
4
Suppose 2*u - 4*u - m = -853, 0 = u - 2*m - 429. Calculate the greatest common factor of u and 14.
7
Suppose 0 = -25*n + 28*n - 2088. What is the highest common factor of 261 and n?
87
Let v be ((-3)/2)/(1/(-156)). Let k = v + -72. What is the highest common factor of 27 and k?
27
Suppose 0 = -4*o + 4 + 4. Suppose -9 - 3 = -4*n, 5*w = -5*n + 25. Calculate the highest common factor of w and o.
2
Let q(m) = 4 + 0 + 0 - 3 - m. Let j be q(0). Let r = -13 + 20. Calculate the greatest common divisor of r and j.
1
Let c be 2/(2 + -8)*21. Let y(o) = o + 7. Let s be y(c). Suppose s = -3*m - 26 + 194. What is the highest common divisor of m and 7?
7
Suppose 5*l + 4*n - 5 = n, 21 = 4*l - n. Let j = -8 - -12. Suppose -3*p + 8*p - j*z + 6 = 0, l = -2*p + 2*z. What is the greatest common divisor of p and 14?
2
Let q be 4 - (-3 + -10) - -3. Let b(u) = -u**2 + 22*u - 28. Let j be b(q). What is the greatest common factor of 60 and j?
12
Suppose -4*u - 126 = -11*u. Suppose -3*b - g = -10 + 7, 4*b + 3*g = -1. Calculate the greatest common divisor of u and b.
2
Suppose q - j - 9 = 0, -3*j - 1 - 2 = -q. Let m = -9 + q. Let i = 20 - m. Calculate the greatest common divisor of i and 68.
17
Let i be ((-441)/35)/(-9)*45. Calculate the highest common divisor of i and 7.
7
Let v(q) = -7*q**3 - 2*q**2 + 1. Let o be v(-1). Suppose -3*s - 2 + 4 = 2*u, u = 5*s + 14. What is the greatest common divisor of u and o?
2
Let i(t) = -7*t + t**2 - 3 + 7 + 2 - 4*t. Let q be i(5). Let j = 50 + q. Calculate the highest common divisor of j and 52.
26
Let w = 18 - 17. Let f be (-3 - -19) + 5 - (w - 2). Calculate the greatest common divisor of f and 154.
22
Let z = -1 + 22. Let g = -50 + 78. Calculate the greatest common divisor of g and z.
7
Suppose 0 = -4*r - 2*c, 0 = 4*r - 2*r - 3*c - 8. Suppose 17 = 4*x + r. What is the highest common divisor of x and 20?
4
Suppose 8*v = 9*v - 7. Let l be (-8)/28 - (-51)/v. Suppose 4*s + 4*z - 112 = 0, -3*s + z = -3*z - 84. What is the highest common factor of s and l?
7
Let w(t) = -30*t**2 + t + 16 + 15*t**2 + 16*t**2. Let o be w(0). Calculate the greatest common factor of 24 and o.
8
Suppose -28 = -3*d + 38. What is the greatest common factor of 4 and d?
2
Let i be 81/(-6)*(-1 + 30/(-18)). What is the highest common divisor of i and 54?
18
Suppose -2*x + 0*k + 33 = -5*k, -58 = -3*x - k. Let y = x + -20. Let w be 1 + 2 + y + 15. Calculate the greatest common factor of w and 136.
17
Let l(p) = -3*p**3 - 6*p**2 - 2*p - 7. Let t be l(-4). Suppose 2*y - t = -17. Calculate the highest common factor of y and 16.
8
Suppose 0 = 3*s + 2*s - 25. Suppose -3*k - 44 = -s*k. Let o(a) = 2*a**2 + 12*a - 25. Let v be o(4). What is the highest common divisor of v and k?
11
Let u(i) = -i**2 - 14*i - 11. Let m be u(-13). Suppose m*f - 118 = 58. Calculate the greatest common factor of 8 and f.
8
Let w(r) = r. Let p(s) = 4*s + 4. Let x(h) = p(h) - 3*w(h). Let q be x(-2). Suppose -q*c + 50 = 6. Calculate the highest common factor of 66 and c.
22
Suppose -2*j + 8 + 102 = 0. Suppose 0 = 99*r - 93*r - 66. Calculate the greatest common divisor of r and j.
11
Let f(p) = 0 + 1 - p**2 - p**3 + 5*p + 0 + 0. Let q be f(-5). Calculate the greatest common factor of 19 and q.
19
Suppose -5*s = 3*t - 6, -2*t - 24 = 2*t - 4*s. Let l = t + 10. What is the greatest common factor of l and 35?
7
Suppose 3*i = 6, 4*i - 2*i + 59 = 3*f. Calculate the greatest common factor of f and 42.
21
Sup